{"id":18,"date":"2022-07-23T06:51:00","date_gmt":"2022-07-23T06:51:00","guid":{"rendered":"http:\/\/razemw.pl\/?page_id=18"},"modified":"2022-07-24T08:10:16","modified_gmt":"2022-07-24T08:10:16","slug":"statut","status":"publish","type":"page","link":"https:\/\/razemw.pl\/?page_id=18","title":{"rendered":"Statut"},"content":{"rendered":"\n<div class=\"wp-block-group has-palette-color-8-background-color has-background is-layout-flow wp-block-group-is-layout-flow\">\n<p>Statut Fundacji Razem w Polsce<\/p>\n\n\n\n<p>ROZDZIA\u0141 I: POSTANOWIENIA OG\u00d3LNE<\/p>\n\n\n\n<p>\u00a7 1 Nazwa Fundacji. Fundatorzy<\/p>\n\n\n\n<ol class=\"wp-block-list\" type=\"1\"><li>Fundacja pod nazw\u0105 \u201eFundacja Razem w Polsce\u201d, zwana dalej Fundacj\u0105, dzia\u0142a na podstawie ustawy o fundacjach z dnia 6 kwietnia 1984 r. (tekst ujednolicony Dz. U. Nr 46 poz. 203 z p\u00f3\u017aniejszymi zmianami) oraz niniejszego Statutu.<\/li><li>Fundacja zosta\u0142a ustanowiona przez Fundator\u00f3w:<\/li><\/ol>\n\n\n\n<p>1. Agnieszk\u0119 Litwa-Koz\u0142owsk\u0105,<\/p>\n\n\n\n<p>2. Aleksandr\u0119 Dobke,<\/p>\n\n\n\n<p>aktem notarialnym sporz\u0105dzonym przez notariusza Izabel\u0119 \u0141ukasiewicz prowadz\u0105c\u0105 Kancelari\u0119 Notarialn\u0105 przy ul. Ch\u0142opskiej 72\/6 w Gda\u0144sku, dnia 26 kwietnia 2022 roku.<\/p>\n\n\n\n<p>Dzia\u0142aj\u0105c poza granicami kraju, Fundacja mo\u017ce pos\u0142ugiwa\u0107 si\u0119 nazw\u0105 przet\u0142umaczon\u0105 na j\u0119zyki obce.<\/p>\n\n\n\n<p>\u00a7 2 Teren dzia\u0142ania, siedziba, jednostki organizacyjne, czas trwania<\/p>\n\n\n\n<ol class=\"wp-block-list\" type=\"1\"><li>Terenem dzia\u0142alno\u015bci Fundacji jest obszar Rzeczypospolitej Polskiej.<\/li><li>Dla w\u0142a\u015bciwego realizowania cel\u00f3w statutowych Fundacja mo\u017ce prowadzi\u0107 dzia\u0142alno\u015b\u0107 poza granicami Rzeczypospolitej Polskiej.<\/li><li>Siedziba Fundacji: Gda\u0144sk 80-462 ul. Dywizjonu 303 5 c\/30<\/li><li>Dla wykonywania swych zada\u0144 statutowych Fundacja mo\u017ce tworzy\u0107 sta\u0142e i czasowe plac\u00f3wki terenowe.<\/li><li>Fundacja dla realizacji swoich cel\u00f3w mo\u017ce wsp\u00f3\u0142pracowa\u0107 i zawiera\u0107 porozumienia oraz umowy z administracj\u0105 rz\u0105dow\u0105 i samorz\u0105dow\u0105 oraz innymi podmiotami, fundacjami, organizacjami pozarz\u0105dowymi krajowymi, zagranicznymi i mi\u0119dzynarodowymi, kt\u00f3rych dzia\u0142alno\u015b\u0107 jest zbli\u017cona z celami Fundacji.<\/li><li>Fundacja mo\u017ce by\u0107 cz\u0142onkiem podmiot\u00f3w, o kt\u00f3rych mowa w pkt. 5.<\/li><li>Fundacja do prowadzenia swoich spraw mo\u017ce zatrudnia\u0107 pracownik\u00f3w i podmioty zewn\u0119trzne.<\/li><li>Fundacja zosta\u0142a ustanowiona na czas nieokre\u015blony.<\/li><\/ol>\n\n\n\n<p>\u00a7 3 Organ Nadzoruj\u0105cy<\/p>\n\n\n\n<ol class=\"wp-block-list\" type=\"1\"><li>Fundacja posiada osobowo\u015b\u0107 prawn\u0105.<\/li><li>Nadz\u00f3r nad Fundacj\u0105 sprawuje Minister Kultury i Dziedzictwa Narodowego.<\/li><\/ol>\n\n\n\n<p>\u00a7 4 Nagrody i wyr\u00f3\u017cnienia Fundacji<\/p>\n\n\n\n<ol class=\"wp-block-list\" type=\"1\"><li>Fundacja mo\u017ce ustanawia\u0107 certyfikaty i przyznawa\u0107 je wraz z innymi nagrodami i wyr\u00f3\u017cnieniami, osobom fizycznym i prawnym zas\u0142u\u017conym dla Fundacji, przyczyniaj\u0105cym si\u0119 do realizacji cel\u00f3w Fundacji.<\/li><li>Fundacja mo\u017ce u\u017cywa\u0107 piecz\u0119ci z danymi identyfikacyjnymi Fundacji.<\/li><\/ol>\n\n\n\n<p>ROZDZIA\u0141 II: CELE I ZASADY DZIA\u0141ANIA FUNDACJI<\/p>\n\n\n\n<p>\u00a7 5 Podstawowymi celami Fundacji s\u0105:<\/p>\n\n\n\n<ol class=\"wp-block-list\" type=\"1\"><li>Propagowanie wiedzy o Polsce, kultury polskiej i j\u0119zyka polskiego na terenie Rzeczypospolitej Polskiej jak i poza jej granicami.<\/li><li>Wzbudzanie zainteresowania j\u0119zykiem polskim jako j\u0119zykiem obcym r\u00f3wnoprawnym wzgl\u0119dem innych j\u0119zyk\u00f3w europejskich.<\/li><li>Dzia\u0142alno\u015b\u0107 na rzecz integracji os\u00f3b z do\u015bwiadczeniem migracji mieszkaj\u0105cych w Polsce.<\/li><li>Budowanie podstaw dialogu mi\u0119dzykulturowego, wzmacnianie to\u017csamo\u015bci kulturowej przy jednoczesnym budowaniu otwarto\u015bci wobec innych kultur, dzia\u0142alno\u015b\u0107 na rzecz integracji os\u00f3b z do\u015bwiadczeniem migracji przebywaj\u0105cych czasowo lub na sta\u0142e w Polsce, wspieranie kulturalnej, naukowej i edukacyjnej wsp\u00f3\u0142pracy mi\u0119dzy Polsk\u0105, a innymi krajami.<\/li><li>Pog\u0142\u0119bianie znajomo\u015bci j\u0119zyka polskiego w\u015br\u00f3d os\u00f3b do\u015bwiadczaj\u0105cych migracji posiadaj\u0105cych polskie korzenie, jak te\u017c tych bez polskich korzeni.<\/li><li>Promowanie nowoczesnych oraz innowacyjnych rozwi\u0105za\u0144 edukacyjnych.<\/li><li>Doskonalenie zawodowe oraz podnoszenie kwalifikacji kadry pedagogicznej a tak\u017ce innych os\u00f3b zwi\u0105zanych z nauczaniem j\u0119zyka polskiego i promuj\u0105cych kultur\u0119 polsk\u0105.<\/li><li>Realizacja powy\u017cszych cel\u00f3w niniejszego paragrafu odbywa si\u0119 poprzez:<\/li><\/ol>\n\n\n\n<p>1. organizowanie i prowadzenie szkole\u0144, warsztat\u00f3w, prezentacji i konferencji w zakresie kultury i j\u0119zyka polskiego (tak\u017ce z wykorzystaniem narz\u0119dzi do zdalnego nauczania);<\/p>\n\n\n\n<p>2. organizowanie oraz udzia\u0142 w targach, wystawach, festiwalach i innych wydarzeniach kulturalnych, o\u015bwiatowych i naukowych promuj\u0105cych polsko\u015b\u0107, polsk\u0105 kultur\u0119, sztuk\u0119, tradycj\u0119, j\u0119zyk, dziedzictwo narodowe oraz pozytywny wizerunek Polski w kraju i zagranic\u0105;<\/p>\n\n\n\n<p>3. organizowanie kolonii i oboz\u00f3w j\u0119zykowych dla dzieci i m\u0142odzie\u017cy z zagranicy (polonijnych i obcokrajowc\u00f3w) oraz podr\u00f3\u017cy studyjnych dla doros\u0142ych po\u0142\u0105czonych z nauk\u0105 j\u0119zyka polskiego;<\/p>\n\n\n\n<p>4. prowadzenie innowacyjnej dzia\u0142alno\u015bci naukowej, edukacyjnej i o\u015bwiatowej oraz tworzenie i publikowanie program\u00f3w dydaktycznych, podr\u0119cznik\u00f3w i innych wydawnictw oraz multimedi\u00f3w w zakresie kultury oraz j\u0119zyka polskiego;<\/p>\n\n\n\n<p>5. wspieranie proces\u00f3w integracji i edukacji os\u00f3b z do\u015bwiadczeniem migracji przebywaj\u0105cych w Polsce;<\/p>\n\n\n\n<p>6. wspieranie szk\u00f3\u0142 ucz\u0105cych j\u0119zyka polskiego i wiedzy o Polsce poza jej granicami;<\/p>\n\n\n\n<p>7. promocj\u0119 i organizacj\u0119 wolontariatu, sta\u017cy, wymian, praktyk i innych form zdobywania praktycznych umiej\u0119tno\u015bci;<\/p>\n\n\n\n<p>8. doskonalenie zawodowe oraz podnoszenie kwalifikacji kadry pedagogicznej oraz innych os\u00f3b zwi\u0105zanych z nauczaniem j\u0119zyka polskiego i promuj\u0105cych kultur\u0119 polsk\u0105;<\/p>\n\n\n\n<p>9. wsp\u00f3\u0142praca ze szko\u0142ami zagranicznymi w zakresie wspierania nauczycieli nauczaj\u0105cych j\u0119zyka polskiego, historii, geografii i wiedzy o spo\u0142ecze\u0144stwie oraz przedmiot\u00f3w prowadzonych w j\u0119zyku polskim.<\/p>\n\n\n\n<p>10. projektowanie i tworzenie oprogramowania oraz narz\u0119dzi internetowych wspieraj\u0105cych nauk\u0119 j\u0119zyka polskiego;<\/p>\n\n\n\n<p>11. organizowanie konkurs\u00f3w i fundowane stypendi\u00f3w;<\/p>\n\n\n\n<p>12. organizowanie kurs\u00f3w j\u0119zykowych po\u0142\u0105czonych z poszerzaniem wiedzy o kulturze, historii i spo\u0142ecze\u0144stwie polskim;<\/p>\n\n\n\n<p>13. prowadzenie dzia\u0142alno\u015bci naukowej, edukacyjnej i o\u015bwiatowej w zakresie nauczania j\u0119zyka polskiego;<\/p>\n\n\n\n<p>14. organizowanie pomocy psychologicznej dla os\u00f3b z do\u015bwiadczeniem migracji.<\/p>\n\n\n\n<p>ROZDZIA\u0141 III: MAJ\u0104TEK I DOCHODY FUNDACJI<\/p>\n\n\n\n<p>\u00a7 6<\/p>\n\n\n\n<ol class=\"wp-block-list\" type=\"1\"><li>Maj\u0105tek Fundacji stanowi fundusz za\u0142o\u017cycielski w kwocie 1500 z\u0142 (s\u0142ownie: tysi\u0105c pi\u0119\u0107set z\u0142otych), wniesiony przez Fundatorki po po\u0142owie i przyznany w o\u015bwiadczeniu woli o ustanowieniu Fundacji oraz sk\u0142adniki maj\u0105tkowe nabyte przez Fundacj\u0119 w toku dzia\u0142ania.<\/li><\/ol>\n\n\n\n<p>\u00a7 7<\/p>\n\n\n\n<ol class=\"wp-block-list\" type=\"1\"><li>\u015arodki na realizacj\u0119 cel\u00f3w Fundacji i pokrycie jej dzia\u0142alno\u015bci pochodz\u0105 z:<\/li><\/ol>\n\n\n\n<p>1. wp\u0142yw\u00f3w z ofiarno\u015bci publicznej,<\/p>\n\n\n\n<p>2. funduszu za\u0142o\u017cycielskiego i darowizn Fundator\u00f3w,<\/p>\n\n\n\n<p>3. darowizn, subwencji, spadk\u00f3w i zapis\u00f3w os\u00f3b trzecich,<\/p>\n\n\n\n<p>4. darowizn, dotacji, subwencji oraz grant\u00f3w z bud\u017cetu pa\u0144stwa, samorz\u0105d\u00f3w, fundacji i funduszy krajowych, Unii Europejskiej i zagranicznych,<\/p>\n\n\n\n<p>5. darowizn, dotacji, subwencji oraz grant\u00f3w os\u00f3b prawnych krajowych<\/p>\n\n\n\n<p>i zagranicznych,<\/p>\n\n\n\n<p>6. odsetek od lokat kapita\u0142owych, depozyt\u00f3w bankowych i papier\u00f3w warto\u015bciowych,<\/p>\n\n\n\n<p>7. dochod\u00f3w z maj\u0105tku nieruchomego i ruchomego,<\/p>\n\n\n\n<p>8. dochod\u00f3w z praw maj\u0105tkowych Fundacji,<\/p>\n\n\n\n<p>9. dochod\u00f3w ze zbi\u00f3rek i imprez publicznych,<\/p>\n\n\n\n<p>10. dochod\u00f3w ze zbi\u00f3rek, aukcji i imprez organizowanych przez Fundacj\u0119.<\/p>\n\n\n\n<p>ROZDZIA\u0141 IV: ORGANY FUNDACJI<\/p>\n\n\n\n<p>\u00a7 8<\/p>\n\n\n\n<ol class=\"wp-block-list\" type=\"1\"><li>Organem dzia\u0142aj\u0105cym w imieniu Fundacji jest Zarz\u0105d, kt\u00f3ry kieruje jej bie\u017c\u0105c\u0105 dzia\u0142alno\u015bci\u0105 i reprezentuje j\u0105 na zewn\u0105trz.<\/li><li>Zarz\u0105d Fundacji sk\u0142ada si\u0119 z nie wi\u0119cej ni\u017c trzech os\u00f3b.<\/li><li>Zarz\u0105d powo\u0142ywany jest przez Fundator\u00f3w na pi\u0119cioletni\u0105 kadencj\u0119 w drodze uchwa\u0142y podj\u0119tej jednomy\u015blnie przez wszystkich Fundator\u00f3w.<\/li><li>Funkcj\u0119 Prezesa Zarz\u0105du mo\u017cna pe\u0142ni\u0107 przez wi\u0119cej ni\u017c jedn\u0105 kadencj\u0119.<\/li><li>Na czele Zarz\u0105du Fundacji stoi Prezes Zarz\u0105du powo\u0142ywany przez Fundator\u00f3w w drodze uchwa\u0142y podj\u0119tej jednomy\u015blnie przez wszystkich Fundator\u00f3w.<\/li><li>Cz\u0142onkostwo w Zarz\u0105dzie ustaje na skutek:<\/li><\/ol>\n\n\n\n<p>1. z\u0142o\u017cenia pisemnej rezygnacji na r\u0119ce Fundator\u00f3w,<\/p>\n\n\n\n<p>2. odwo\u0142ania przez Fundator\u00f3w,<\/p>\n\n\n\n<p>3. utraty praw obywatelskich na skutek skazania prawomocnym wyrokiem s\u0105du za przest\u0119pstwo pope\u0142nione z winy umy\u015blnej,<\/p>\n\n\n\n<p>4. \u015bmierci.<\/p>\n\n\n\n<ul class=\"wp-block-list\"><li>Fundatorzy nie maj\u0105 obowi\u0105zku powo\u0142ywania nowego cz\u0142onka na miejsce odwo\u0142anego cz\u0142onka Zarz\u0105du.<\/li><li>Zarz\u0105d w ca\u0142o\u015bci lub jego poszczeg\u00f3lni cz\u0142onkowie mog\u0105 by\u0107 odwo\u0142ani przez Fundator\u00f3w przed up\u0142ywem kadencji w drodze uchwa\u0142y podj\u0119tej jednomy\u015blnie przez wszystkich Fundator\u00f3w.<\/li><li>Ze wzgl\u0119d\u00f3w organizacyjnych i ekonomicznych cz\u0142onkowie Zarz\u0105du mog\u0105 by\u0107 r\u00f3wnocze\u015bnie pracownikami biura Fundacji, pracuj\u0105cymi na podstawie um\u00f3w o prac\u0119 lub um\u00f3w cywilno-prawnych.<\/li><\/ul>\n\n\n\n<p>\u00a7 9<\/p>\n\n\n\n<ol class=\"wp-block-list\" type=\"1\"><li>Zarz\u0105d Fundacji podejmuje decyzje dotycz\u0105ce Fundacji. W szczeg\u00f3lno\u015bci do kompetencji Zarz\u0105du nale\u017cy:<\/li><\/ol>\n\n\n\n<p>1. kierowanie codzienn\u0105 dzia\u0142alno\u015bci\u0105 Fundacji oraz reprezentowanie jej na zewn\u0105trz,<\/p>\n\n\n\n<p>2. opracowywanie plan\u00f3w dzia\u0142alno\u015bci Fundacji umo\u017cliwiaj\u0105cych realizacj\u0119 jej cel\u00f3w statutowych,<\/p>\n\n\n\n<p>3. sprawowanie zarz\u0105du maj\u0105tkiem Fundacji,<\/p>\n\n\n\n<p>4. przyjmowanie subwencji, darowizn, dotacji, spadk\u00f3w i zapis\u00f3w,<\/p>\n\n\n\n<p>5. ustalanie wielko\u015bci zatrudnienia i okre\u015blanie wysoko\u015bci \u015brodk\u00f3w na wynagrodzenia pracownik\u00f3w etatowych Fundacji oraz zwrotu poniesionych wydatk\u00f3w przez wolontariuszy,<\/p>\n\n\n\n<p>6. ustanawianie nagr\u00f3d, wyr\u00f3\u017cnie\u0144, odznacze\u0144 i innych form uhonorowania os\u00f3b zas\u0142u\u017conych dla cel\u00f3w Fundacji,<\/p>\n\n\n\n<p>7. sprawowanie nadzoru nad dzia\u0142alno\u015bci\u0105 wszystkich jednostek, kom\u00f3rek organizacyjnych i os\u00f3b zatrudnionych w Fundacji,<\/p>\n\n\n\n<p>8. podejmowanie decyzji w innych sprawach nie zastrze\u017conych kompetencjami innych organ\u00f3w.<\/p>\n\n\n\n<ul class=\"wp-block-list\"><li>Do zaci\u0105gania zobowi\u0105za\u0144 powy\u017cej kwoty 20000 z\u0142 (s\u0142ownie: dwadzie\u015bcia tysi\u0119cy z\u0142otych) wymagana jest jednomy\u015blna uchwa\u0142a Fundatorek.<\/li><\/ul>\n\n\n\n<p>\u00a7 10<\/p>\n\n\n\n<ol class=\"wp-block-list\" type=\"1\"><li>O\u015bwiadczenia woli w imieniu Fundacji sk\u0142adaj\u0105 Prezes Zarz\u0105du Fundacji lub Wiceprezes Zarz\u0105du \u2013 samodzielnie.<\/li><\/ol>\n\n\n\n<p>\u00a7 11<\/p>\n\n\n\n<ol class=\"wp-block-list\" type=\"1\"><li>Posiedzenia Zarz\u0105du zwo\u0142uje Prezes Zarz\u0105du lub cz\u0142onek Zarz\u0105du.<\/li><li>Posiedzenia Zarz\u0105du odbywaj\u0105 si\u0119 w zale\u017cno\u015bci od potrzeb, nie rzadziej jednak ni\u017c raz na 6 miesi\u0119cy.<\/li><li>Funkcj\u0119 cz\u0142onka Zarz\u0105du mo\u017cna pe\u0142ni\u0107 przez wi\u0119cej ni\u017c jedn\u0105 kadencj\u0119.<\/li><li>Fundator mo\u017ce wchodzi\u0107 w sk\u0142ad Zarz\u0105du.<\/li><li>Ka\u017cdy cz\u0142onek Zarz\u0105du dysponuje jednym g\u0142osem.<\/li><\/ol>\n\n\n\n<p>\u00a7 12<\/p>\n\n\n\n<ol class=\"wp-block-list\" type=\"1\"><li>Zarz\u0105d podejmuje decyzje w formie uchwa\u0142. Dla wa\u017cno\u015bci uchwa\u0142y Zarz\u0105du wymagane jest podj\u0119cie jej przez Prezesa.<\/li><li>Do podj\u0119cia wa\u017cnej uchwa\u0142y przez Zarz\u0105d wymagana jest obecno\u015b\u0107 Prezesa Zarz\u0105du i Wiceprezesa Zarz\u0105du.<\/li><li>Z posiedze\u0144 Zarz\u0105du sporz\u0105dzany jest protok\u00f3\u0142.<\/li><li>Rada Fundacji jest organem kontrolnym i opiniuj\u0105cym Fundacji.<\/li><li>Rada Fundacji podejmuje decyzje w formie uchwa\u0142.<\/li><li>Rada sk\u0142ada si\u0119 z trzech do pi\u0119ciu cz\u0142onk\u00f3w Fundacji, w tym Prezesa, powo\u0142ywanych przez Rad\u0119 Fundacji na pi\u0119cioletni\u0105 kadencj\u0119.<\/li><li>Funkcj\u0119 Prezesa Rady mo\u017cna pe\u0142ni\u0107 przez wi\u0119cej ni\u017c jedn\u0105 kadencj\u0119.<\/li><li>Cz\u0142onk\u00f3w pierwszego sk\u0142adu Rady powo\u0142uje Fundator. Nast\u0119pnych cz\u0142onk\u00f3w Rady na miejsce os\u00f3b, kt\u00f3re przesta\u0142y pe\u0142ni\u0107 t\u0119 funkcj\u0119 lub dla rozszerzenia sk\u0142adu Rady powo\u0142uje sw\u0105 decyzj\u0105 Rada.<\/li><li>W umowach mi\u0119dzy Fundacj\u0105 a cz\u0142onkiem Zarz\u0105du oraz w sporach z ni\u0105 Fundacj\u0119 reprezentuje cz\u0142onek Rady Fundacji wskazany w uchwale rady.<\/li><\/ol>\n\n\n\n<p>ROZDZIA\u0141 V: POSTANOWIENIA KO\u0143COWE<\/p>\n\n\n\n<p>\u00a7 13<\/p>\n\n\n\n<ol class=\"wp-block-list\" type=\"1\"><li>Zmiany cel\u00f3w Fundacji i Statutu dokonuj\u0105 Fundatorki w formie uchwa\u0142y podj\u0119tej jednomy\u015blnie.<\/li><\/ol>\n\n\n\n<p>\u00a7 14<\/p>\n\n\n\n<ol class=\"wp-block-list\" type=\"1\"><li>Fundacja ulega likwidacji w razie osi\u0105gni\u0119cia cel\u00f3w, dla kt\u00f3rych zosta\u0142a ustanowiona, lub w razie wyczerpania si\u0119 jej \u015brodk\u00f3w finansowych i maj\u0105tku.<\/li><li>Decyzj\u0119 o otwarciu likwidacji Fundacji podejmuje Zarz\u0105d w formie uchwa\u0142y. Decyzja o otwarciu likwidacji Fundacji mo\u017ce by\u0107 podj\u0119ta wy\u0142\u0105cznie w razie zaistnienia przes\u0142anek jej podj\u0119cia okre\u015blonych przepisami prawa.<\/li><li>W przypadku podj\u0119cia przez Zarz\u0105d Fundacji uchwa\u0142y o otwarciu likwidacji, likwidatorami Fundacji staj\u0105 si\u0119 cz\u0142onkowie Zarz\u0105du Fundacji.<\/li><li>Likwidatorzy powinni zako\u0144czy\u0107 bie\u017c\u0105ce sprawy Fundacji, \u015bci\u0105gn\u0105\u0107 wierzytelno\u015bci, wype\u0142ni\u0107 zobowi\u0105zania i up\u0142ynni\u0107 ewentualny maj\u0105tek Fundacji, z zachowaniem wszelkich obowi\u0105zuj\u0105cych przepis\u00f3w prawa.<\/li><li>\u015arodki maj\u0105tkowe pozostaj\u0105ce po likwidacji Fundacji przeznacza si\u0119 na rzecz dzia\u0142aj\u0105cych na terytorium Rzeczypospolitej Polskiej jednostek organizacyjnych o zbli\u017conych celach.<\/li><\/ol>\n\n\n\n<p>\u00a7 15<\/p>\n\n\n\n<ol class=\"wp-block-list\" type=\"1\"><li>Fundacja mo\u017ce si\u0119 po\u0142\u0105czy\u0107 z inn\u0105 fundacj\u0105 dla efektywnego realizowania swoich cel\u00f3w.<\/li><li>Po\u0142\u0105czenie z inn\u0105 fundacj\u0105 nie mo\u017ce nast\u0105pi\u0107, je\u017celi w jego wyniku m\u00f3g\u0142by ulec istotnej zmianie cel Fundacji.<\/li><li>Decyzj\u0119 o po\u0142\u0105czeniu z inn\u0105 fundacj\u0105 podejmuje Zarz\u0105d w formie uchwa\u0142y.<\/li><\/ol>\n\n\n\n<p>\u00a7 16<\/p>\n\n\n\n<ol class=\"wp-block-list\" type=\"1\"><li>Rokiem obrotowym Fundacji jest rok kalendarzowy.<\/li><\/ol>\n\n\n\n<p>Gda\u0144sk, 27.06.2022<\/p>\n<\/div>\n","protected":false},"excerpt":{"rendered":"<p>Statut Fundacji Razem w Polsce ROZDZIA\u0141 I: POSTANOWIENIA OG\u00d3LNE \u00a7 1 Nazwa Fundacji. Fundatorzy Fundacja pod nazw\u0105 \u201eFundacja Razem w Polsce\u201d, zwana dalej Fundacj\u0105, dzia\u0142a na podstawie ustawy o fundacjach z dnia 6 kwietnia 1984 r. (tekst ujednolicony Dz. U. Nr 46 poz. 203 z p\u00f3\u017aniejszymi zmianami) oraz niniejszego Statutu. Fundacja zosta\u0142a ustanowiona przez Fundator\u00f3w: [&hellip;]<\/p>\n","protected":false},"author":1,"featured_media":0,"parent":0,"menu_order":0,"comment_status":"closed","ping_status":"closed","template":"","meta":{"footnotes":""},"class_list":["post-18","page","type-page","status-publish","hentry"],"blocksy_meta":{"styles_descriptor":{"styles":{"desktop":"","tablet":"","mobile":""},"google_fonts":[],"version":6}},"_links":{"self":[{"href":"https:\/\/razemw.pl\/index.php?rest_route=\/wp\/v2\/pages\/18","targetHints":{"allow":["GET"]}}],"collection":[{"href":"https:\/\/razemw.pl\/index.php?rest_route=\/wp\/v2\/pages"}],"about":[{"href":"https:\/\/razemw.pl\/index.php?rest_route=\/wp\/v2\/types\/page"}],"author":[{"embeddable":true,"href":"https:\/\/razemw.pl\/index.php?rest_route=\/wp\/v2\/users\/1"}],"replies":[{"embeddable":true,"href":"https:\/\/razemw.pl\/index.php?rest_route=%2Fwp%2Fv2%2Fcomments&post=18"}],"version-history":[{"count":3,"href":"https:\/\/razemw.pl\/index.php?rest_route=\/wp\/v2\/pages\/18\/revisions"}],"predecessor-version":[{"id":63,"href":"https:\/\/razemw.pl\/index.php?rest_route=\/wp\/v2\/pages\/18\/revisions\/63"}],"wp:attachment":[{"href":"https:\/\/razemw.pl\/index.php?rest_route=%2Fwp%2Fv2%2Fmedia&parent=18"}],"curies":[{"name":"wp","href":"https:\/\/api.w.org\/{rel}","templated":true}]}}